r of f and 66?
6
Let l = 608 + -600. Let h be 117/(1/(-2)*2). Let q = h - -197. Calculate the greatest common factor of l and q.
8
Suppose 0 = 5*a - 5*d - 4141 - 2059, a = -2*d + 1237. Calculate the highest common divisor of 21 and a.
21
Let k(z) = -z - 5. Let i be k(-9). Let r be (-192)/(-9) - i/(-6). Suppose 2*g - 230 = r. What is the highest common factor of 18 and g?
18
Let f be (175/7 + -4)/1. Calculate the highest common divisor of f and 903.
21
Suppose 0*c + 108 = c. What is the greatest common divisor of c and 459?
27
Let j(k) = k + 13. Let z be j(-9). Let s(r) = 3*r**3 - 6*r**2 - 2*r. Let i be s(z). What is the highest common divisor of 11 and i?
11
Let x be 1/3 + (-220)/66. Let u be x/(-2) + (-171)/(-6). Calculate the highest common divisor of 20 and u.
10
Let a be (-6)/33 - 171/(-33). Let c = -18 + 19. What is the greatest common divisor of a and c?
1
Suppose 0 = -5*y + j - 24, 0 = -0*y + 3*y + 5*j - 8. Let i be 14 - (y/22 + 80/(-44)). What is the highest common divisor of i and 112?
16
Suppose 8*f - 9*f + 75 = 0. Let l be ((-35)/14)/(1/(-6)). Calculate the greatest common divisor of l and f.
15
Let v = -21 + 31. Let u(r) = r**3 - 11*r**2 + 10*r - 2. Let t be u(v). Let j be ((-4)/8 + -1)*t. What is the greatest common factor of j and 15?
3
Suppose -h = h - 4. Let a be 14 - (2/h - 1). Calculate the greatest common factor of 28 and a.
14
Let r(f) = 3*f + 24. Let k be r(-4). What is the highest common factor of 9 and k?
3
Let b be (2 - 4)/(696/117 + -6). Let j(a) = -a**3 + 6*a**2 - 2*a + 2. Let w be j(4). What is the greatest common factor of w and b?
13
Let q(b) = 3*b**2 + 21*b - 20. Let v be q(4). What is the highest common divisor of 48 and v?
16
Let a be (235 + -1)/(-3)*(-2)/12. What is the greatest common factor of 117 and a?
13
Let r = -75 + 77. Suppose -4*b = -0*b - 3*t - 2672, 2*t + 1334 = r*b. Calculate the greatest common factor of b and 61.
61
Suppose 3*p = 12*p - 405. Let z be (1 + p)*(-2)/(-4). Calculate the greatest common factor of z and 115.
23
Let g(s) = s**2 - 3*s - 12. Let n be g(3). Let p be 1 + 42 + 36/n. Calculate the highest common factor of p and 16.
8
Suppose -3*b - 23 = -8, 0 = -2*z - 5*b + 73. Let g = 109 - z. Calculate the highest common factor of g and 80.
20
Suppose f = -p, 13*p - 9*p + 3 = -f. Calculate the greatest common factor of 4 and f.
1
Let r be (-2)/(65/364 + 2/(-8)). Calculate the highest common factor of r and 812.
28
Let p(c) = -6*c - 20. Let m be p(-4). Suppose a + 0*a + 37 = u, -a = m*u - 123. What is the highest common factor of 8 and u?
8
Suppose 0 = 6*w + 4*w + 1430. Let l = w + 233. Calculate the highest common divisor of l and 18.
18
Suppose 3*o = 2*w + 3*w - 26, 3*o - 2 = -2*w. Suppose 0*x = c - w*x - 22, 3*c - x - 66 = 0. Calculate the greatest common factor of 22 and c.
22
Let p = 20 + -14. Let r be 24/10 + 18/(-45) + 4. Let l = 0 + r. What is the highest common factor of l and p?
6
Let l(v) = -v**2 + 4. Let n be l(-2). Suppose n = i + 2*i - 363. Calculate the highest common factor of i and 11.
11
Let t(v) = v**2 + 8*v + 28. Let s be t(0). Let g(h) = 3*h**3 - 8*h**2 + 5*h - 4. Let p be g(5). What is the greatest common factor of s and p?
28
Suppose 4*n - 28 = -4*j, -3*n + 13 = -j - 0*n. Suppose -7*u = j*v - 4*u - 189, -258 = -3*v + 4*u. Calculate the highest common factor of 10 and v.
10
Let n = -18 + -22. Let i = 15 - n. What is the highest common divisor of i and 11?
11
Let m = 127 - -81. Suppose 34*v = 28*v + 156. Calculate the greatest common divisor of v and m.
26
Suppose 3*t + 14 = 41. Let v = -41 + 43. Suppose -v*r = 4*u - 6, 3*r = r + 2. Calculate the greatest common divisor of t and u.
1
Let s be (1 + 9/6)*-12. Let c be (84/s)/((-2)/110). What is the highest common divisor of c and 14?
14
Suppose 3*z - 77 = v, 60 = 4*z - 2*v - 42. Suppose -56*g + 936 = -47*g. What is the highest common divisor of g and z?
26
Let c(w) = -10 - 13*w + 27*w - 27*w. Let z be c(-3). Calculate the highest common factor of 232 and z.
29
Let t be (-332)/(-24) + 2/12. Suppose 5*p = 6*p + t. Let a = p - -66. Calculate the greatest common factor of 13 and a.
13
Let w(n) = -n**3 - 53*n**2 + 227*n - 9. Let y be w(-57). What is the greatest common factor of y and 360?
24
Let y be (-386)/(-5) - ((-24)/30 + 1). Suppose 101 = -z + 4*z - 2*n, -4*n = 3*z - y. Let w = 756 + -508. What is the greatest common divisor of z and w?
31
Let v = -209 + 216. Calculate the highest common factor of v and 224.
7
Let t = -2535 + 2735. Calculate the greatest common divisor of t and 30.
10
Let s be 1*(-5 - (5 + -6)*141). Calculate the greatest common divisor of s and 8.
8
Suppose -2*o + 14 = -5*p, 5*o - 12 = 3*o + 4*p. Let r be -2*93/(-38) + (-54)/(-513). Calculate the greatest common divisor of o and r.
1
Suppose 2*c = 267 - 85. Calculate the highest common factor of 26 and c.
13
Let v = -13 + -11. Let s be (3 + 87/(-6))*v/4. Calculate the greatest common divisor of 46 and s.
23
Let d be -1*(0 - (-10 - -3)). Let y = d - -11. What is the highest common divisor of 36 and y?
4
Suppose -a - 864 = -5*a + 2*c, 3*a - 639 = -3*c. Suppose -2*d + d = -86. What is the greatest common divisor of a and d?
43
Suppose -4*c + c + 12 = 0. Let t be c + 1*-511 + 3. Let d be t/27*9/(-2). Calculate the highest common factor of d and 12.
12
Suppose 311*s = 296*s + 825. Calculate the highest common divisor of s and 11.
11
Let x be (5 - 243/45)*-210. Calculate the greatest common factor of 308 and x.
28
Let w be 5/4 + 21/12. Suppose 2*v = 7*v - 45. Calculate the highest common factor of v and w.
3
Let c(r) be the third derivative of r**4/4 - 7*r**3/3 + 7*r**2. Let v be c(4). Calculate the greatest common factor of v and 25.
5
Suppose 5*u + 2*u - 7 = 0. Let o be 3/9 - (-40)/6. Calculate the highest common factor of u and o.
1
Let i = 0 + -2. Let r(a) = 29*a**2 + 3*a. Let d be r(i). Suppose -164 = -67*u + 145 + 361. What is the greatest common divisor of u and d?
10
Let z(s) = 7*s - 76. Let w be z(22). Let t = -63 - -180. What is the highest common factor of w and t?
39
Suppose 119*r + 120 = 129*r. Calculate the highest common divisor of 156 and r.
12
Let q be (30/9)/(2/6). Suppose -4*a = -4*v - 164, -4*a + 62*v = 67*v - 155. Calculate the highest common factor of a and q.
10
Let o(l) = l**2 + l + 4. Suppose m + 3*m = 24. Let g be o(m). Suppose i = 2*i - u - 51, i = 2*u + g. What is the highest common divisor of 14 and i?
14
Let q be 2*1*(-13 - -4). Let o = -9 - q. Suppose -2*d + 126 = -0*d. Calculate the highest common factor of d and o.
9
Let a be 1/(-2) - (4 + (-20)/8). Let j be 5 + 37/(-1 - a). Suppose -2*d = 2, 0 = -4*w - 4*d + 5*d + 29. What is the highest common factor of w and j?
7
Suppose 2*v + 3*p = 148, -7*v + 6*v - 2*p + 73 = 0. Calculate the greatest common factor of 49 and v.
7
Let g = -7 + 11. Suppose -l - 528 = -g*l. Suppose -c = 23*c - 384. What is the highest common factor of l and c?
16
Suppose -2*v + 14 = r - 0*r, -28 = -5*v + r. Suppose 16 = 5*f + v. Let y be f/11 + 194/22. Calculate the highest common divisor of y and 63.
9
Suppose -m - 3*v + 50 = 0, -5*v = 2*m - 4 - 91. Let t be 2/(4*1) + 221/(-34). Let s be (-21)/9*(t + 3). What is the greatest common factor of m and s?
7
Let t(g) = -g + 24. Let y = -58 - -80. Let d be t(y). Let w = 24 + -8. What is the greatest common factor of d and w?
2
Suppose 0 = 4*o - 16, -5*o = -i - 0*o - 12. Suppose 3*j + 71 = a - 20, 0 = j + 4*a + 26. Let u = j + 42. Calculate the greatest common divisor of i and u.
4
Suppose 7*h - 2*i - 2 = 6*h, -4*h + 2*i - 16 = 0. Let x be ((-9)/6)/(h/80 - 0). Calculate the greatest common factor of 60 and x.
20
Let p = 68 + -65. Suppose 81 = 3*s + 4*c, -p*c - 54 + 200 = 5*s. Calculate the highest common divisor of 155 and s.
31
Let j be 356/10 + 3/(-5). Let b be (j - 0)/(-1)*-1. Let d = b + 7. What is the highest common divisor of 14 and d?
14
Suppose 0*j + 21 = j. Let t = -9 + 7. Let x be (-142)/(-10) - t/(-10). Calculate the highest common factor of x and j.
7
Suppose -17*s + 1635 + 439 = 0. Calculate the greatest common divisor of 427 and s.
61
Suppose -k = s - 2*k - 142, -k - 702 = -5*s. What is the greatest common divisor of s and 20?
20
Let a be 34*(1/(-4) - (-154)/56). Let i = 13 + a. What is the highest common divisor of 14 and i?
14
Suppose 0 = 5*a + 2